. Let h be 1 + 0 + 1 + -4. Let a(k) = 18*k**2 + k - 1. Let m(c) = h*u(c) + 9*a(c). Is m(-4) a prime number?
True
Suppose 5723 = 2*l - y, -2*y = -l - 3*y + 2860. Is l a composite number?
False
Let y = 419 - 422. Let o(v) = 25*v - 2. Let j(q) = -q. Let l(z) = 6*j(z) - o(z). Is l(y) a prime number?
False
Let v(l) = l - 9. Let o be 1*6*2 + 1. Let p be v(o). Suppose 5*x - 1304 = -p*j, 844 = 2*j + x + 186. Is j a composite number?
False
Let c(h) = -h**2 - 8*h - 5. Let z be c(-7). Suppose -l = z*l - 291. Is l composite?
False
Let d(q) = 59*q**3 + 4*q**2 - 3*q - 4. Is d(2) composite?
True
Suppose -3*j + 2*n + 1518 = 53, -3*j - 3*n = -1485. Let a = j + -110. Is a a prime number?
False
Suppose 1352 = 5*q - q. Let u = -679 - -1162. Let d = u - q. Is d a composite number?
True
Let q(c) = -c**2 + 3*c - 4. Let z be q(2). Is (-6)/(-4)*1324/(-12)*z composite?
False
Suppose -5*y - 3*i = -1951, -2*y - 4*i = -i - 784. Let r = y + 40. Suppose -h - 112 = -r. Is h prime?
True
Let s(o) = o**2 + 4*o + 2. Let r be s(-1). Let k(z) = -1109*z**3 - 2*z - 2. Is k(r) a composite number?
False
Suppose -3*n + 4941 + 1506 = 0. Is n prime?
False
Let t = -2 + 7. Suppose 4*w - 4*h = -h + 6229, -4*w = -t*h - 6219. Is w composite?
True
Let r(m) = -2*m + 17. Let k be r(8). Is (k*-1)/(20/(-2660)) prime?
False
Suppose -2*p + 72223 = 2*b + 4945, 3*b - 5*p = 100949. Is b a composite number?
True
Is (774/27)/((-1)/(-468)) + -5 composite?
False
Let w be (-5 - -3) + 3 + -1. Suppose 10440 = 4*t - 0*z + 5*z, -5*t + 5*z + 13005 = w. Is t a composite number?
True
Let w = 1968 + -1317. Suppose -q = -4*q + w. Is q composite?
True
Let k = -9459 + 15622. Is k a composite number?
False
Is ((-33)/(-33))/((-2)/(-2918)) a composite number?
False
Suppose 0 = -10*a + 54652 + 77758. Is a a prime number?
True
Let l be -47*(-20)/(-8)*-2. Suppose 2*c - 3*c = -332. Let q = c - l. Is q a prime number?
True
Let f = -66 - -1544. Is f a prime number?
False
Let b = -16 + 19. Suppose b*d - 7*d = -3148. Is d a prime number?
True
Let m = 2 - 0. Suppose -u - 4*y - y + 400 = 0, m*u - 791 = -y. Is u composite?
True
Let f(r) = -7 - 2 - 5*r - 5. Is f(-9) composite?
False
Suppose 2*b - 3 - 1 = 0. Is (-28873)/(-11) + -2 + b/11 a composite number?
True
Let o(b) = 172*b**2 + 55*b + 480. Is o(-23) a composite number?
False
Suppose 5*q - 5*u - 31785 = 0, -3*u + 977 = -q + 7342. Is q a prime number?
True
Let h be -1*((-25)/(-5))/(-5). Is (h - -1934) + (18 - 16) a prime number?
False
Let y(d) = -d**2 + 23*d - 7. Let c be y(14). Suppose -a + c = -2*q, 5*q - 4*a + 299 = -0*a. Let w = q - -253. Is w a composite number?
True
Let d be 16805/(-4) + -1 - 3/(-12). Let b = d - -7495. Is b composite?
True
Let y(s) be the third derivative of -s**6/120 + s**5/60 - s**4/12 + s**3/6 + 10*s**2. Let r be y(3). Let n = r + 200. Is n prime?
False
Let s be (30/20)/((-2)/(-4)). Suppose -r + 6*g - s*g = -3, -5*r + 3*g + 3 = 0. Suppose 2*o - 402 - 184 = r. Is o composite?
False
Let v be ((-9)/(-2))/((-9)/12). Let m = 6 - v. Is (-1)/((m/(-615))/4) a prime number?
False
Let l be (-3)/(-9) - 29/(-3). Let x = l - -153. Is x a composite number?
False
Let i(j) = -2357*j - 619. Is i(-4) a composite number?
True
Suppose 3*o + 39 = -36. Let d = -23 - o. Suppose d*y - 1498 = -0*y. Is y composite?
True
Suppose 0 = -74*p + 68*p - 26760. Let v = -1621 - p. Is v a prime number?
False
Is (-3 - (-111006)/91) + (-4)/(-26) a composite number?
False
Suppose 3*q = -6 - 0. Is (q + 1252/(-8))*-2 a composite number?
False
Suppose -18781 + 59759 = 14*j. Is j a prime number?
True
Let a(q) = -q + 4. Let b be a(0). Suppose -4*w + 296 = 4*r, b*w = r - 103 + 14. Is r composite?
True
Suppose -8*y = -10*y + 790. Is y composite?
True
Is ((-79188)/30 - 0)*(-15)/6 composite?
False
Suppose a - 2*s + 0 = -5, -5*s + 8 = -4*a. Suppose -a*g = -7*g + 13052. Is g composite?
True
Let h(y) be the second derivative of 1/2*y**2 - 3*y + y**4 + 0 + 0*y**3. Is h(-1) a composite number?
False
Let y = 49 + 3114. Is y prime?
True
Suppose 5*y - y + 2952 = 2*z, 0 = 5*y - 2*z + 3689. Let d be 27/18 + y/(-2). Suppose -2*j + 4*f + d = -0*f, -2*f = 8. Is j a prime number?
False
Let h = 32461 - 3020. Is h composite?
True
Let j be (2/4)/(12/24). Suppose -5*s + 1 + j = y, 4 = -4*s + 2*y. Suppose 4*g - 167 - 341 = s. Is g a composite number?
False
Suppose -6 = 32*b - 33*b. Suppose b*h - 36127 = -7*h. Is h a prime number?
False
Let x(b) = -12*b**2 - 37*b - 14. Let i(c) = -c**2 - 1. Let a(r) = -3*i(r) - x(r). Is a(-18) composite?
False
Let l be 0/1*1/(-2). Let m be 6 + (0 - (-3 + l)). Is (78/m)/((-4)/(-6)) a prime number?
True
Suppose -12*z + 6109 + 77255 = 0. Is z prime?
True
Let s(f) be the third derivative of -f**6/120 + f**4/6 - 4*f**3/3 + f**2. Let n be (-6 - 0) + (-20 - -21). Is s(n) composite?
False
Let q = -57 + 57. Suppose 2*h = -2*n - 0*n + 544, q = 4*n + h - 1103. Is n prime?
True
Suppose z - 2 = 4. Let r(k) = 31*k + 29. Is r(z) a prime number?
False
Suppose 2*x = -9*z + 4*z - 502, -2*z - 198 = -2*x. Let a = 15 - z. Is a prime?
False
Let g(p) = -456*p + 2. Let n be g(-2). Let a be (n/(-8))/(4/16). Let s = 100 - a. Is s a prime number?
True
Suppose -2*x = 2*b - 9398, -3*x + b + 9410 = -x. Is x prime?
True
Suppose -5*b + 25 = 4*h, -12 = -3*b + h + 3. Suppose 4*z - 2*k - k - 1037 = 0, 3*z = -b*k + 814. Is z a prime number?
True
Is (-30)/3*6/(-12) + 52884 composite?
False
Let m(i) = 2*i**3 - 8*i**2 - 7*i - 1. Let l be m(8). Let x = -204 + l. Is x composite?
False
Is (-323230)/(-25) - (-2)/(-10) composite?
True
Suppose s - d + 5 = 0, -5*s - 2*d - 13 = -d. Let c(y) = 30*y**2 - 5*y - 4. Let h be c(s). Suppose 4*i - 2*i + 5*z - 119 = 0, h = 5*i - 4*z. Is i a prime number?
False
Let o(w) = 6*w**2 - 2*w + 1. Let r(j) = j - 9. Let u be r(12). Suppose -u*x + 10 = -8. Is o(x) a composite number?
True
Let j(g) = -3*g - 2. Suppose 4*v + 19 = -0*h - h, 2*v = -3*h - 7. Is j(v) prime?
True
Let m(t) = -t**2 - 25*t - 5. Let y(f) = 2*f + 9. Let r be y(-12). Is m(r) composite?
True
Let d(n) = -44*n**2 + 5*n + 9. Let x(t) = 29*t**2 - 3*t - 6. Let z(q) = -5*d(q) - 7*x(q). Is z(-8) prime?
True
Suppose u = 15 - 0. Suppose -w + 4*d - 20 = -6*w, 0 = w - 3*d + u. Suppose 2*c + c - 1467 = w. Is c a composite number?
True
Let a(l) = 14*l**3 + 10*l**2 + 7*l + 38. Let r(s) = -5*s**3 - 3*s**2 - 2*s - 13. Let x(m) = 6*a(m) + 17*r(m). Let n be x(10). Let z = 18 - n. Is z prime?
True
Suppose 2 - 3 = -r. Is r/2*-1042*-7 prime?
False
Is 1*(6 + -1) + 3364 prime?
False
Suppose -4569 = -3*d - 0*d. Is d composite?
False
Let t(c) = -c**3 - 10*c**2 - 11*c - 16. Let g be t(-9). Let h be (-4)/16 + (-10)/(-8). Is (115/10)/(h/g) prime?
True
Let t(u) = -243*u**2 - 5*u - 6. Let x be t(-3). Let b = 3495 + x. Is b a prime number?
False
Suppose 4*d - 70 + 198 = 0. Let m be 2/6 + d/(-12). Suppose m*w + 110 - 491 = 0. Is w prime?
True
Suppose 0 = 2*q - 4, 7*u - 51779 = 4*u - 4*q. Is u a prime number?
True
Let q = 10943 + -4444. Is q prime?
False
Let j = -7 - -11. Suppose -j*k + 8 = -8*k. Is (-2202)/(-14) + k/7 a prime number?
True
Let w be 66648/36 + (-2)/(-3). Let i be (w/(-5))/(22/(-55)). Suppose i - 83 = p. Is p prime?
False
Let p(b) = -b**3 + 10*b**2 - 21*b + 58. Is p(-23) a prime number?
False
Suppose -793 + 5429 = -3*y + 2*s, -s = -2*y - 3091. Let o = 4425 + y. Is o composite?
False
Let a(c) = 10347*c**2 + 44*c + 44. Is a(-1) composite?
True
Suppose -5*l - 3 = 4*w + 67, -2*l - 25 = w. Let r = -12 - l. Is (-1 - (r - 17)) + 4 a prime number?
False
Is (-13)/(2457/(-2816681)) - 4/54 a prime number?
False
Let w = -3 - -5. Suppose 1390 = w*d - 4732. Is d prime?
True
Suppose -h = 2*o + 12 - 3, 0 = h - 5*o - 26. Let s be -2 + 3 + (h - 47). Let u = 74 - s. Is u a prime number?
False
Let r = 4 + -1. Let a be 60/(-50)*(-8)/(-12)*-5. Suppose 91 = -r*o + a*o. Is o prime?
False
Let m(b) = 4*b - 14. Let c be m(11). Let u be c/(-4)*6/9. Is -1 + 260 - (-10)/u a prime number?
True
Suppose -2*w - w - 86148 = 0. Is w/(-8)*4/6 composite?
False
Let j(o) = 1682*o + 25. Is j(2) a composite number?
False
Let u(j) = 3*j**2 - 3 - j**2 - 2 + 8*j + 2*j. Is u(10) composite?
True
Suppose 2*i + 5*g + 8 = -0*g, 3*g + 8 = -2*i. Let k be i - 2/(-1) - -7. Suppose -k*c + 3*s = -641, 0 = 3*c + 2*s - 429 + 52. Is c a prime number?
True
Let o = -339 - -185. Let d = o - -64. Let t = -5